{"id":1642,"date":"2021-04-18T16:33:30","date_gmt":"2021-04-18T14:33:30","guid":{"rendered":"http:\/\/zsp5.edu.pl\/?page_id=1642"},"modified":"2023-03-07T11:32:11","modified_gmt":"2023-03-07T10:32:11","slug":"kolo-strzeleckie","status":"publish","type":"page","link":"https:\/\/zsp5.edu.pl\/?page_id=1642","title":{"rendered":"Ko\u0142o strzeleckie"},"content":{"rendered":"\n<p>Specyficzna dyscyplina jak\u0105 jest strzelectwo sportowe kszta\u0142ci u m\u0142odych ludzi po\u017c\u0105dane cechy charakteru, takie jak: wytrwa\u0142o\u015b\u0107, cierpliwo\u015b\u0107, wsp\u00f3\u0142zawodnictwo sportowe, odpowiedzialno\u015b\u0107, zdyscyplinowanie, samokontrol\u0119 i rozwag\u0119. Uprawianie tej dyscypliny daje niew\u0105tpliwie du\u017co satysfakcji. Stanowi wa\u017cny element przysposabiania m\u0142odzie\u017cy do odpowiedzialno\u015bci za obron\u0119 ojczyzny, \u015bci\u015ble koreluje z przedmiotem edukacja dla bezpiecze\u0144stwa oraz jest wspania\u0142ym sposobem na sp\u0119dzanie wolnego czasu. Strzelectwo sportowe pobudza m\u0142odych ludzi do rozwijania zainteresowa\u0144 politechnicznych oraz mo\u017ce by\u0107 metod\u0105 do zwalczania patologii.<\/p>\n\n\n\n<div class=\"wp-block-image\"><figure class=\"aligncenter size-full is-resized\"><img loading=\"lazy\" decoding=\"async\" src=\"https:\/\/zsp5.edu.pl\/wp-content\/uploads\/2023\/03\/a.jpg\" alt=\"\" class=\"wp-image-5434\" width=\"465\" height=\"465\" srcset=\"https:\/\/zsp5.edu.pl\/wp-content\/uploads\/2023\/03\/a.jpg 720w, https:\/\/zsp5.edu.pl\/wp-content\/uploads\/2023\/03\/a-300x300.jpg 300w, https:\/\/zsp5.edu.pl\/wp-content\/uploads\/2023\/03\/a-150x150.jpg 150w\" sizes=\"auto, (max-width: 465px) 100vw, 465px\" \/><\/figure><\/div>\n","protected":false},"excerpt":{"rendered":"<p>Specyficzna dyscyplina jak\u0105 jest strzelectwo sportowe kszta\u0142ci u m\u0142odych ludzi po\u017c\u0105dane cechy charakteru, takie jak: wytrwa\u0142o\u015b\u0107, cierpliwo\u015b\u0107, wsp\u00f3\u0142zawodnictwo sportowe, odpowiedzialno\u015b\u0107,<\/p>\n","protected":false},"author":1,"featured_media":0,"parent":0,"menu_order":0,"comment_status":"closed","ping_status":"closed","template":"","meta":{"inline_featured_image":false,"footnotes":""},"class_list":["post-1642","page","type-page","status-publish","hentry"],"yoast_head":"<!-- This site is optimized with the Yoast SEO plugin v23.1 - https:\/\/yoast.com\/wordpress\/plugins\/seo\/ -->\n<title>Ko\u0142o strzeleckie - Zesp\u00f3\u0142 Szk\u00f3\u0142 Ponadpodstawowych Nr 5<\/title>\n<meta name=\"robots\" content=\"index, follow, max-snippet:-1, max-image-preview:large, max-video-preview:-1\" \/>\n<link rel=\"canonical\" href=\"https:\/\/zsp5.edu.pl\/?page_id=1642\" \/>\n<meta property=\"og:locale\" content=\"pl_PL\" \/>\n<meta property=\"og:type\" content=\"article\" \/>\n<meta property=\"og:title\" content=\"Ko\u0142o strzeleckie - Zesp\u00f3\u0142 Szk\u00f3\u0142 Ponadpodstawowych Nr 5\" \/>\n<meta property=\"og:description\" content=\"Specyficzna dyscyplina jak\u0105 jest strzelectwo sportowe kszta\u0142ci u m\u0142odych ludzi po\u017c\u0105dane cechy charakteru, takie jak: wytrwa\u0142o\u015b\u0107, cierpliwo\u015b\u0107, wsp\u00f3\u0142zawodnictwo sportowe, odpowiedzialno\u015b\u0107,\" \/>\n<meta property=\"og:url\" content=\"https:\/\/zsp5.edu.pl\/?page_id=1642\" \/>\n<meta property=\"og:site_name\" content=\"Zesp\u00f3\u0142 Szk\u00f3\u0142 Ponadpodstawowych Nr 5\" \/>\n<meta property=\"article:modified_time\" content=\"2023-03-07T10:32:11+00:00\" \/>\n<meta property=\"og:image\" content=\"http:\/\/zsp5.edu.pl\/wp-content\/uploads\/2023\/03\/a.jpg\" \/>\n<meta name=\"twitter:card\" content=\"summary_large_image\" \/>\n<script type=\"application\/ld+json\" class=\"yoast-schema-graph\">{\"@context\":\"https:\/\/schema.org\",\"@graph\":[{\"@type\":\"WebPage\",\"@id\":\"https:\/\/zsp5.edu.pl\/?page_id=1642\",\"url\":\"https:\/\/zsp5.edu.pl\/?page_id=1642\",\"name\":\"Ko\u0142o strzeleckie - Zesp\u00f3\u0142 Szk\u00f3\u0142 Ponadpodstawowych Nr 5\",\"isPartOf\":{\"@id\":\"https:\/\/zsp5.edu.pl\/#website\"},\"primaryImageOfPage\":{\"@id\":\"https:\/\/zsp5.edu.pl\/?page_id=1642#primaryimage\"},\"image\":{\"@id\":\"https:\/\/zsp5.edu.pl\/?page_id=1642#primaryimage\"},\"thumbnailUrl\":\"http:\/\/zsp5.edu.pl\/wp-content\/uploads\/2023\/03\/a.jpg\",\"datePublished\":\"2021-04-18T14:33:30+00:00\",\"dateModified\":\"2023-03-07T10:32:11+00:00\",\"breadcrumb\":{\"@id\":\"https:\/\/zsp5.edu.pl\/?page_id=1642#breadcrumb\"},\"inLanguage\":\"pl-PL\",\"potentialAction\":[{\"@type\":\"ReadAction\",\"target\":[\"https:\/\/zsp5.edu.pl\/?page_id=1642\"]}]},{\"@type\":\"ImageObject\",\"inLanguage\":\"pl-PL\",\"@id\":\"https:\/\/zsp5.edu.pl\/?page_id=1642#primaryimage\",\"url\":\"https:\/\/zsp5.edu.pl\/wp-content\/uploads\/2023\/03\/a.jpg\",\"contentUrl\":\"https:\/\/zsp5.edu.pl\/wp-content\/uploads\/2023\/03\/a.jpg\",\"width\":720,\"height\":720},{\"@type\":\"BreadcrumbList\",\"@id\":\"https:\/\/zsp5.edu.pl\/?page_id=1642#breadcrumb\",\"itemListElement\":[{\"@type\":\"ListItem\",\"position\":1,\"name\":\"Strona g\u0142\u00f3wna\",\"item\":\"https:\/\/zsp5.edu.pl\/\"},{\"@type\":\"ListItem\",\"position\":2,\"name\":\"Ko\u0142o strzeleckie\"}]},{\"@type\":\"WebSite\",\"@id\":\"https:\/\/zsp5.edu.pl\/#website\",\"url\":\"https:\/\/zsp5.edu.pl\/\",\"name\":\"Zesp\u00f3\u0142 Szk\u00f3\u0142 Ponadpodstawowych Nr 5\",\"description\":\"im. gen. W\u0142adys\u0142awa Sikorskiego\",\"potentialAction\":[{\"@type\":\"SearchAction\",\"target\":{\"@type\":\"EntryPoint\",\"urlTemplate\":\"https:\/\/zsp5.edu.pl\/?s={search_term_string}\"},\"query-input\":\"required name=search_term_string\"}],\"inLanguage\":\"pl-PL\"}]}<\/script>\n<!-- \/ Yoast SEO plugin. -->","yoast_head_json":{"title":"Ko\u0142o strzeleckie - Zesp\u00f3\u0142 Szk\u00f3\u0142 Ponadpodstawowych Nr 5","robots":{"index":"index","follow":"follow","max-snippet":"max-snippet:-1","max-image-preview":"max-image-preview:large","max-video-preview":"max-video-preview:-1"},"canonical":"https:\/\/zsp5.edu.pl\/?page_id=1642","og_locale":"pl_PL","og_type":"article","og_title":"Ko\u0142o strzeleckie - Zesp\u00f3\u0142 Szk\u00f3\u0142 Ponadpodstawowych Nr 5","og_description":"Specyficzna dyscyplina jak\u0105 jest strzelectwo sportowe kszta\u0142ci u m\u0142odych ludzi po\u017c\u0105dane cechy charakteru, takie jak: wytrwa\u0142o\u015b\u0107, cierpliwo\u015b\u0107, wsp\u00f3\u0142zawodnictwo sportowe, odpowiedzialno\u015b\u0107,","og_url":"https:\/\/zsp5.edu.pl\/?page_id=1642","og_site_name":"Zesp\u00f3\u0142 Szk\u00f3\u0142 Ponadpodstawowych Nr 5","article_modified_time":"2023-03-07T10:32:11+00:00","og_image":[{"url":"http:\/\/zsp5.edu.pl\/wp-content\/uploads\/2023\/03\/a.jpg"}],"twitter_card":"summary_large_image","schema":{"@context":"https:\/\/schema.org","@graph":[{"@type":"WebPage","@id":"https:\/\/zsp5.edu.pl\/?page_id=1642","url":"https:\/\/zsp5.edu.pl\/?page_id=1642","name":"Ko\u0142o strzeleckie - Zesp\u00f3\u0142 Szk\u00f3\u0142 Ponadpodstawowych Nr 5","isPartOf":{"@id":"https:\/\/zsp5.edu.pl\/#website"},"primaryImageOfPage":{"@id":"https:\/\/zsp5.edu.pl\/?page_id=1642#primaryimage"},"image":{"@id":"https:\/\/zsp5.edu.pl\/?page_id=1642#primaryimage"},"thumbnailUrl":"http:\/\/zsp5.edu.pl\/wp-content\/uploads\/2023\/03\/a.jpg","datePublished":"2021-04-18T14:33:30+00:00","dateModified":"2023-03-07T10:32:11+00:00","breadcrumb":{"@id":"https:\/\/zsp5.edu.pl\/?page_id=1642#breadcrumb"},"inLanguage":"pl-PL","potentialAction":[{"@type":"ReadAction","target":["https:\/\/zsp5.edu.pl\/?page_id=1642"]}]},{"@type":"ImageObject","inLanguage":"pl-PL","@id":"https:\/\/zsp5.edu.pl\/?page_id=1642#primaryimage","url":"https:\/\/zsp5.edu.pl\/wp-content\/uploads\/2023\/03\/a.jpg","contentUrl":"https:\/\/zsp5.edu.pl\/wp-content\/uploads\/2023\/03\/a.jpg","width":720,"height":720},{"@type":"BreadcrumbList","@id":"https:\/\/zsp5.edu.pl\/?page_id=1642#breadcrumb","itemListElement":[{"@type":"ListItem","position":1,"name":"Strona g\u0142\u00f3wna","item":"https:\/\/zsp5.edu.pl\/"},{"@type":"ListItem","position":2,"name":"Ko\u0142o strzeleckie"}]},{"@type":"WebSite","@id":"https:\/\/zsp5.edu.pl\/#website","url":"https:\/\/zsp5.edu.pl\/","name":"Zesp\u00f3\u0142 Szk\u00f3\u0142 Ponadpodstawowych Nr 5","description":"im. gen. W\u0142adys\u0142awa Sikorskiego","potentialAction":[{"@type":"SearchAction","target":{"@type":"EntryPoint","urlTemplate":"https:\/\/zsp5.edu.pl\/?s={search_term_string}"},"query-input":"required name=search_term_string"}],"inLanguage":"pl-PL"}]}},"_links":{"self":[{"href":"https:\/\/zsp5.edu.pl\/index.php?rest_route=\/wp\/v2\/pages\/1642","targetHints":{"allow":["GET"]}}],"collection":[{"href":"https:\/\/zsp5.edu.pl\/index.php?rest_route=\/wp\/v2\/pages"}],"about":[{"href":"https:\/\/zsp5.edu.pl\/index.php?rest_route=\/wp\/v2\/types\/page"}],"author":[{"embeddable":true,"href":"https:\/\/zsp5.edu.pl\/index.php?rest_route=\/wp\/v2\/users\/1"}],"replies":[{"embeddable":true,"href":"https:\/\/zsp5.edu.pl\/index.php?rest_route=%2Fwp%2Fv2%2Fcomments&post=1642"}],"version-history":[{"count":3,"href":"https:\/\/zsp5.edu.pl\/index.php?rest_route=\/wp\/v2\/pages\/1642\/revisions"}],"predecessor-version":[{"id":5435,"href":"https:\/\/zsp5.edu.pl\/index.php?rest_route=\/wp\/v2\/pages\/1642\/revisions\/5435"}],"wp:attachment":[{"href":"https:\/\/zsp5.edu.pl\/index.php?rest_route=%2Fwp%2Fv2%2Fmedia&parent=1642"}],"curies":[{"name":"wp","href":"https:\/\/api.w.org\/{rel}","templated":true}]}}