{"id":9340,"date":"2025-09-15T20:17:56","date_gmt":"2025-09-15T18:17:56","guid":{"rendered":"https:\/\/zsp5.edu.pl\/?page_id=9340"},"modified":"2025-09-16T15:31:44","modified_gmt":"2025-09-16T13:31:44","slug":"podziekowania","status":"publish","type":"page","link":"https:\/\/zsp5.edu.pl\/?page_id=9340","title":{"rendered":"Podzi\u0119kowania"},"content":{"rendered":"<p><img loading=\"lazy\" decoding=\"async\" class=\"alignnone wp-image-9350 aligncenter\" src=\"https:\/\/zsp5.edu.pl\/wp-content\/uploads\/2025\/09\/1000009211-206x300.jpg\" alt=\"\" width=\"421\" height=\"613\" srcset=\"https:\/\/zsp5.edu.pl\/wp-content\/uploads\/2025\/09\/1000009211-206x300.jpg 206w, https:\/\/zsp5.edu.pl\/wp-content\/uploads\/2025\/09\/1000009211-704x1024.jpg 704w, https:\/\/zsp5.edu.pl\/wp-content\/uploads\/2025\/09\/1000009211-768x1118.jpg 768w, https:\/\/zsp5.edu.pl\/wp-content\/uploads\/2025\/09\/1000009211-1055x1536.jpg 1055w, https:\/\/zsp5.edu.pl\/wp-content\/uploads\/2025\/09\/1000009211-1407x2048.jpg 1407w, https:\/\/zsp5.edu.pl\/wp-content\/uploads\/2025\/09\/1000009211-scaled.jpg 1759w\" sizes=\"auto, (max-width: 421px) 100vw, 421px\" \/><\/p>\n<p><img loading=\"lazy\" decoding=\"async\" class=\"wp-image-9351 aligncenter\" src=\"https:\/\/zsp5.edu.pl\/wp-content\/uploads\/2025\/09\/1000009212-210x300.jpg\" alt=\"\" width=\"428\" height=\"611\" srcset=\"https:\/\/zsp5.edu.pl\/wp-content\/uploads\/2025\/09\/1000009212-210x300.jpg 210w, https:\/\/zsp5.edu.pl\/wp-content\/uploads\/2025\/09\/1000009212-716x1024.jpg 716w, https:\/\/zsp5.edu.pl\/wp-content\/uploads\/2025\/09\/1000009212-768x1098.jpg 768w, https:\/\/zsp5.edu.pl\/wp-content\/uploads\/2025\/09\/1000009212-1075x1536.jpg 1075w, https:\/\/zsp5.edu.pl\/wp-content\/uploads\/2025\/09\/1000009212-1433x2048.jpg 1433w, https:\/\/zsp5.edu.pl\/wp-content\/uploads\/2025\/09\/1000009212-scaled.jpg 1791w\" sizes=\"auto, (max-width: 428px) 100vw, 428px\" \/><\/p>\n<p><img loading=\"lazy\" decoding=\"async\" class=\"wp-image-9348 aligncenter\" src=\"https:\/\/zsp5.edu.pl\/wp-content\/uploads\/2025\/09\/1000009203-212x300.jpg\" alt=\"\" width=\"434\" height=\"614\" \/><\/p>\n","protected":false},"excerpt":{"rendered":"","protected":false},"author":9,"featured_media":0,"parent":0,"menu_order":0,"comment_status":"closed","ping_status":"closed","template":"","meta":{"inline_featured_image":false,"footnotes":""},"class_list":["post-9340","page","type-page","status-publish","hentry"],"yoast_head":"<!-- This site is optimized with the Yoast SEO plugin v23.1 - https:\/\/yoast.com\/wordpress\/plugins\/seo\/ -->\n<title>Podzi\u0119kowania - Zesp\u00f3\u0142 Szk\u00f3\u0142 Ponadpodstawowych Nr 5<\/title>\n<meta name=\"robots\" content=\"index, follow, max-snippet:-1, max-image-preview:large, max-video-preview:-1\" \/>\n<link rel=\"canonical\" href=\"https:\/\/zsp5.edu.pl\/?page_id=9340\" \/>\n<meta property=\"og:locale\" content=\"pl_PL\" \/>\n<meta property=\"og:type\" content=\"article\" \/>\n<meta property=\"og:title\" content=\"Podzi\u0119kowania - Zesp\u00f3\u0142 Szk\u00f3\u0142 Ponadpodstawowych Nr 5\" \/>\n<meta property=\"og:url\" content=\"https:\/\/zsp5.edu.pl\/?page_id=9340\" \/>\n<meta property=\"og:site_name\" content=\"Zesp\u00f3\u0142 Szk\u00f3\u0142 Ponadpodstawowych Nr 5\" \/>\n<meta property=\"article:modified_time\" content=\"2025-09-16T13:31:44+00:00\" \/>\n<meta property=\"og:image\" content=\"http:\/\/zsp5.edu.pl\/wp-content\/uploads\/2025\/09\/1000009211-206x300.jpg\" \/>\n<meta name=\"twitter:card\" content=\"summary_large_image\" \/>\n<meta name=\"twitter:label1\" content=\"Szacowany czas czytania\" \/>\n\t<meta name=\"twitter:data1\" content=\"1 minuta\" \/>\n<script type=\"application\/ld+json\" class=\"yoast-schema-graph\">{\"@context\":\"https:\/\/schema.org\",\"@graph\":[{\"@type\":\"WebPage\",\"@id\":\"https:\/\/zsp5.edu.pl\/?page_id=9340\",\"url\":\"https:\/\/zsp5.edu.pl\/?page_id=9340\",\"name\":\"Podzi\u0119kowania - Zesp\u00f3\u0142 Szk\u00f3\u0142 Ponadpodstawowych Nr 5\",\"isPartOf\":{\"@id\":\"https:\/\/zsp5.edu.pl\/#website\"},\"primaryImageOfPage\":{\"@id\":\"https:\/\/zsp5.edu.pl\/?page_id=9340#primaryimage\"},\"image\":{\"@id\":\"https:\/\/zsp5.edu.pl\/?page_id=9340#primaryimage\"},\"thumbnailUrl\":\"http:\/\/zsp5.edu.pl\/wp-content\/uploads\/2025\/09\/1000009211-206x300.jpg\",\"datePublished\":\"2025-09-15T18:17:56+00:00\",\"dateModified\":\"2025-09-16T13:31:44+00:00\",\"breadcrumb\":{\"@id\":\"https:\/\/zsp5.edu.pl\/?page_id=9340#breadcrumb\"},\"inLanguage\":\"pl-PL\",\"potentialAction\":[{\"@type\":\"ReadAction\",\"target\":[\"https:\/\/zsp5.edu.pl\/?page_id=9340\"]}]},{\"@type\":\"ImageObject\",\"inLanguage\":\"pl-PL\",\"@id\":\"https:\/\/zsp5.edu.pl\/?page_id=9340#primaryimage\",\"url\":\"https:\/\/zsp5.edu.pl\/wp-content\/uploads\/2025\/09\/1000009211-scaled.jpg\",\"contentUrl\":\"https:\/\/zsp5.edu.pl\/wp-content\/uploads\/2025\/09\/1000009211-scaled.jpg\",\"width\":1759,\"height\":2560},{\"@type\":\"BreadcrumbList\",\"@id\":\"https:\/\/zsp5.edu.pl\/?page_id=9340#breadcrumb\",\"itemListElement\":[{\"@type\":\"ListItem\",\"position\":1,\"name\":\"Strona g\u0142\u00f3wna\",\"item\":\"https:\/\/zsp5.edu.pl\/\"},{\"@type\":\"ListItem\",\"position\":2,\"name\":\"Podzi\u0119kowania\"}]},{\"@type\":\"WebSite\",\"@id\":\"https:\/\/zsp5.edu.pl\/#website\",\"url\":\"https:\/\/zsp5.edu.pl\/\",\"name\":\"Zesp\u00f3\u0142 Szk\u00f3\u0142 Ponadpodstawowych Nr 5\",\"description\":\"im. gen. W\u0142adys\u0142awa Sikorskiego\",\"potentialAction\":[{\"@type\":\"SearchAction\",\"target\":{\"@type\":\"EntryPoint\",\"urlTemplate\":\"https:\/\/zsp5.edu.pl\/?s={search_term_string}\"},\"query-input\":\"required name=search_term_string\"}],\"inLanguage\":\"pl-PL\"}]}<\/script>\n<!-- \/ Yoast SEO plugin. -->","yoast_head_json":{"title":"Podzi\u0119kowania - Zesp\u00f3\u0142 Szk\u00f3\u0142 Ponadpodstawowych Nr 5","robots":{"index":"index","follow":"follow","max-snippet":"max-snippet:-1","max-image-preview":"max-image-preview:large","max-video-preview":"max-video-preview:-1"},"canonical":"https:\/\/zsp5.edu.pl\/?page_id=9340","og_locale":"pl_PL","og_type":"article","og_title":"Podzi\u0119kowania - Zesp\u00f3\u0142 Szk\u00f3\u0142 Ponadpodstawowych Nr 5","og_url":"https:\/\/zsp5.edu.pl\/?page_id=9340","og_site_name":"Zesp\u00f3\u0142 Szk\u00f3\u0142 Ponadpodstawowych Nr 5","article_modified_time":"2025-09-16T13:31:44+00:00","og_image":[{"url":"http:\/\/zsp5.edu.pl\/wp-content\/uploads\/2025\/09\/1000009211-206x300.jpg"}],"twitter_card":"summary_large_image","twitter_misc":{"Szacowany czas czytania":"1 minuta"},"schema":{"@context":"https:\/\/schema.org","@graph":[{"@type":"WebPage","@id":"https:\/\/zsp5.edu.pl\/?page_id=9340","url":"https:\/\/zsp5.edu.pl\/?page_id=9340","name":"Podzi\u0119kowania - Zesp\u00f3\u0142 Szk\u00f3\u0142 Ponadpodstawowych Nr 5","isPartOf":{"@id":"https:\/\/zsp5.edu.pl\/#website"},"primaryImageOfPage":{"@id":"https:\/\/zsp5.edu.pl\/?page_id=9340#primaryimage"},"image":{"@id":"https:\/\/zsp5.edu.pl\/?page_id=9340#primaryimage"},"thumbnailUrl":"http:\/\/zsp5.edu.pl\/wp-content\/uploads\/2025\/09\/1000009211-206x300.jpg","datePublished":"2025-09-15T18:17:56+00:00","dateModified":"2025-09-16T13:31:44+00:00","breadcrumb":{"@id":"https:\/\/zsp5.edu.pl\/?page_id=9340#breadcrumb"},"inLanguage":"pl-PL","potentialAction":[{"@type":"ReadAction","target":["https:\/\/zsp5.edu.pl\/?page_id=9340"]}]},{"@type":"ImageObject","inLanguage":"pl-PL","@id":"https:\/\/zsp5.edu.pl\/?page_id=9340#primaryimage","url":"https:\/\/zsp5.edu.pl\/wp-content\/uploads\/2025\/09\/1000009211-scaled.jpg","contentUrl":"https:\/\/zsp5.edu.pl\/wp-content\/uploads\/2025\/09\/1000009211-scaled.jpg","width":1759,"height":2560},{"@type":"BreadcrumbList","@id":"https:\/\/zsp5.edu.pl\/?page_id=9340#breadcrumb","itemListElement":[{"@type":"ListItem","position":1,"name":"Strona g\u0142\u00f3wna","item":"https:\/\/zsp5.edu.pl\/"},{"@type":"ListItem","position":2,"name":"Podzi\u0119kowania"}]},{"@type":"WebSite","@id":"https:\/\/zsp5.edu.pl\/#website","url":"https:\/\/zsp5.edu.pl\/","name":"Zesp\u00f3\u0142 Szk\u00f3\u0142 Ponadpodstawowych Nr 5","description":"im. gen. W\u0142adys\u0142awa Sikorskiego","potentialAction":[{"@type":"SearchAction","target":{"@type":"EntryPoint","urlTemplate":"https:\/\/zsp5.edu.pl\/?s={search_term_string}"},"query-input":"required name=search_term_string"}],"inLanguage":"pl-PL"}]}},"_links":{"self":[{"href":"https:\/\/zsp5.edu.pl\/index.php?rest_route=\/wp\/v2\/pages\/9340","targetHints":{"allow":["GET"]}}],"collection":[{"href":"https:\/\/zsp5.edu.pl\/index.php?rest_route=\/wp\/v2\/pages"}],"about":[{"href":"https:\/\/zsp5.edu.pl\/index.php?rest_route=\/wp\/v2\/types\/page"}],"author":[{"embeddable":true,"href":"https:\/\/zsp5.edu.pl\/index.php?rest_route=\/wp\/v2\/users\/9"}],"replies":[{"embeddable":true,"href":"https:\/\/zsp5.edu.pl\/index.php?rest_route=%2Fwp%2Fv2%2Fcomments&post=9340"}],"version-history":[{"count":6,"href":"https:\/\/zsp5.edu.pl\/index.php?rest_route=\/wp\/v2\/pages\/9340\/revisions"}],"predecessor-version":[{"id":9353,"href":"https:\/\/zsp5.edu.pl\/index.php?rest_route=\/wp\/v2\/pages\/9340\/revisions\/9353"}],"wp:attachment":[{"href":"https:\/\/zsp5.edu.pl\/index.php?rest_route=%2Fwp%2Fv2%2Fmedia&parent=9340"}],"curies":[{"name":"wp","href":"https:\/\/api.w.org\/{rel}","templated":true}]}}